{"id":1965,"date":"2022-07-10T01:25:05","date_gmt":"2022-07-09T22:25:05","guid":{"rendered":"https:\/\/www.felsefidusun.com\/?page_id=1965"},"modified":"2025-04-10T15:59:31","modified_gmt":"2025-04-10T12:59:31","slug":"iletisim-abonelik","status":"publish","type":"page","link":"https:\/\/www.felsefidusun.com\/?page_id=1965","title":{"rendered":"ileti\u015fim\/abonelik"},"content":{"rendered":"<div class=\"fusion-fullwidth fullwidth-box fusion-builder-row-1 fusion-flex-container nonhundred-percent-fullwidth non-hundred-percent-height-scrolling\" style=\"background-color: rgba(255,255,255,0);background-position: center center;background-repeat: no-repeat;border-width: 0px 0px 0px 0px;border-color:var(--awb-color3);border-style:solid;\" ><div class=\"fusion-builder-row fusion-row fusion-flex-align-items-flex-start\" style=\"max-width:1144px;margin-left: calc(-4% \/ 2 );margin-right: calc(-4% \/ 2 );\"><div class=\"fusion-layout-column fusion_builder_column fusion-builder-column-0 fusion_builder_column_3_5 3_5 fusion-flex-column\"><div class=\"fusion-column-wrapper fusion-flex-justify-content-flex-start fusion-content-layout-column\" style=\"background-position:left top;background-blend-mode: overlay;background-repeat:no-repeat;-webkit-background-size:cover;-moz-background-size:cover;-o-background-size:cover;background-size:cover;padding: 0px 0px 0px 0px;\"><style type='text\/css'>.reading-box-container-1 .element-bottomshadow:before,.reading-box-container-1 .element-bottomshadow:after{opacity:0.70;}<\/style><div class=\"fusion-reading-box-container reading-box-container-1\" style=\"margin-top:0px;margin-bottom:20px;\"><div class=\"reading-box element-bottomshadow\" style=\"background-color:var(--awb-color2);border-width:1px;border-color:#607d8b;border-top-width:3px;border-top-color:var(--primary_color);border-style:solid;\"><h2>Bizimle ileti\u015fime ge\u00e7mek i\u00e7in ...<\/h2><div class=\"reading-box-description fusion-reading-box-additional\">L\u00fctfen de\u011ferlendirilmek \u00fczere makale g\u00f6ndermek ve bu konuyla ilgili soru sormak i\u00e7in a\u015fa\u011f\u0131daki e-mail adresimizi kullan\u0131n\u0131z.<\/div><div class=\"reading-box-additional\"><i class=\"fb-icon-element-1 fb-icon-element fontawesome-icon fa-envelope far circle-no fusion-text-flow\" style=\"font-size:32px;margin-right:16px;\"><\/i><style>i.fb-icon-element.fontawesome-icon.fb-icon-element-1{ color: #8bc34a;}i.fb-icon-element.fontawesome-icon.fb-icon-element-1:hover { color: #8bc34a;}<\/style> <strong>E-mail:<\/strong>\u00a0bilgi@felsefidusun.com<\/p>\n<\/div><div class=\"fusion-clearfix\"><\/div><\/div><\/div><style type='text\/css'>.reading-box-container-2 .element-bottomshadow:before,.reading-box-container-2 .element-bottomshadow:after{opacity:0.70;}<\/style><div class=\"fusion-reading-box-container reading-box-container-2\" style=\"margin-top:0px;margin-bottom:20px;\"><div class=\"reading-box element-bottomshadow\" style=\"background-color:var(--awb-color2);border-width:1px;border-color:#03a9f4;border-top-width:3px;border-top-color:var(--primary_color);border-style:solid;\"><h2>Sat\u0131\u015f ve abonelik i\u00e7in ...<\/h2><div class=\"reading-box-description fusion-reading-box-additional\">Sat\u0131\u015f ve abonelikle ilgili akl\u0131n\u0131za tak\u0131lan her soru i\u00e7in\u2026<\/div><div class=\"reading-box-additional\"><i class=\"fb-icon-element-2 fb-icon-element fontawesome-icon fa-envelope fas circle-no fusion-text-flow\" style=\"font-size:32px;margin-right:16px;\"><\/i><style>i.fb-icon-element.fontawesome-icon.fb-icon-element-2{ color: #7fba00;}i.fb-icon-element.fontawesome-icon.fb-icon-element-2:hover { color: #7fba00;}<\/style> <strong>E-mail:<\/strong>\u00a0info@pinhanyayincilik.com<\/p>\n<i class=\"fb-icon-element-3 fb-icon-element fontawesome-icon fa-phone-volume fas circle-no fusion-text-flow\" style=\"font-size:32px;margin-right:16px;\"><\/i><style>i.fb-icon-element.fontawesome-icon.fb-icon-element-3{ color: #7fba00;}i.fb-icon-element.fontawesome-icon.fb-icon-element-3:hover { color: #7fba00;}<\/style><strong> Telefon:<\/strong>\u00a0+90 (212) 259 27 60<\/p>\n<i class=\"fb-icon-element-4 fb-icon-element fontawesome-icon fa-print fas circle-no fusion-text-flow\" style=\"font-size:32px;margin-right:16px;\"><\/i><style>i.fb-icon-element.fontawesome-icon.fb-icon-element-4{ color: #7fba00;}i.fb-icon-element.fontawesome-icon.fb-icon-element-4:hover { color: #7fba00;}<\/style><strong>\u00a0Fax:<\/strong>\u00a0 +90 (212) 259 27 61<\/p>\n<i class=\"fb-icon-element-5 fb-icon-element fontawesome-icon fa-home fas circle-no fusion-text-flow\" style=\"font-size:32px;margin-right:16px;\"><\/i><style>i.fb-icon-element.fontawesome-icon.fb-icon-element-5{ color: #7fba00;}i.fb-icon-element.fontawesome-icon.fb-icon-element-5:hover { color: #7fba00;}<\/style><strong> Adres:<\/strong>\u00a0Litros Yolu Fatih Sitesi No:12 \/ 214-15 Z. Topkap\u0131 \u2013 \u0130stanbul<\/p>\n<\/div><div class=\"fusion-clearfix\"><\/div><\/div><\/div><div class=\"fusion-content-boxes content-boxes columns row fusion-columns-1 fusion-columns-total-1 fusion-content-boxes-1 content-boxes-icon-with-title content-left\" data-animationOffset=\"top-into-view\" style=\"margin-top:;margin-bottom:;\"><style type=\"text\/css\">.fusion-content-boxes-1 .heading .content-box-heading {color:var(--awb-color8);}\n\t\t\t\t\t.fusion-content-boxes-1 .fusion-content-box-hover .link-area-link-icon-hover .heading .content-box-heading,\n\t\t\t\t\t.fusion-content-boxes-1 .fusion-content-box-hover .link-area-link-icon-hover .heading .heading-link .content-box-heading,\n\t\t\t\t\t.fusion-content-boxes-1 .fusion-content-box-hover .link-area-box-hover .heading .content-box-heading,\n\t\t\t\t\t.fusion-content-boxes-1 .fusion-content-box-hover .link-area-box-hover .heading .heading-link .content-box-heading,\n\t\t\t\t\t.fusion-content-boxes-1 .fusion-content-box-hover .link-area-link-icon-hover.link-area-box .fusion-read-more,\n\t\t\t\t\t.fusion-content-boxes-1 .fusion-content-box-hover .link-area-link-icon-hover.link-area-box .fusion-read-more::after,\n\t\t\t\t\t.fusion-content-boxes-1 .fusion-content-box-hover .link-area-link-icon-hover.link-area-box .fusion-read-more::before,\n\t\t\t\t\t.fusion-content-boxes-1 .fusion-content-box-hover .fusion-read-more:hover:after,\n\t\t\t\t\t.fusion-content-boxes-1 .fusion-content-box-hover .fusion-read-more:hover:before,\n\t\t\t\t\t.fusion-content-boxes-1 .fusion-content-box-hover .fusion-read-more:hover,\n\t\t\t\t\t.fusion-content-boxes-1 .fusion-content-box-hover .link-area-box-hover.link-area-box .fusion-read-more,\n\t\t\t\t\t.fusion-content-boxes-1 .fusion-content-box-hover .link-area-box-hover.link-area-box .fusion-read-more::after,\n\t\t\t\t\t.fusion-content-boxes-1 .fusion-content-box-hover .link-area-box-hover.link-area-box .fusion-read-more::before,\n\t\t\t\t\t.fusion-content-boxes-1 .fusion-content-box-hover .link-area-link-icon-hover .icon .circle-no,\n\t\t\t\t\t.fusion-content-boxes-1 .heading .heading-link:hover .content-box-heading {\n\t\t\t\t\t\tcolor: var(--awb-color4);\n\t\t\t\t\t}\n\t\t\t\t\t.fusion-content-boxes-1 .fusion-content-box-hover .link-area-box-hover .icon .circle-no {\n\t\t\t\t\t\tcolor: var(--awb-color4) !important;\n\t\t\t\t\t}.fusion-content-boxes-1 .fusion-content-box-hover .link-area-box.link-area-box-hover .fusion-content-box-button {background: hsla(var(--awb-color5-h),calc(var(--awb-color5-s) - 5%),calc(var(--awb-color5-l) - 10%),var(--awb-color5-a));color: var(--awb-color1);}.fusion-content-boxes-1 .fusion-content-box-hover .link-area-box.link-area-box-hover .fusion-content-box-button .fusion-button-text {color: var(--awb-color1);}\n\t\t\t\t\t.fusion-content-boxes-1 .fusion-content-box-hover .link-area-link-icon-hover .heading .icon > span {\n\t\t\t\t\t\tbackground-color: transparent !important;\n\t\t\t\t\t}\n\t\t\t\t\t.fusion-content-boxes-1 .fusion-content-box-hover .link-area-box-hover .heading .icon > span {\n\t\t\t\t\t\tborder-color: var(--awb-color4) !important;\n\t\t\t\t\t}<\/style><div class=\"fusion-column content-box-column content-box-column content-box-column-1 col-lg-12 col-md-12 col-sm-12 fusion-content-box-hover content-box-column-last content-box-column-last-in-row\"><div class=\"col content-box-wrapper content-wrapper link-area-link-icon content-icon-wrapper-yes icon-hover-animation-fade\" style=\"background-color:rgba(255,255,255,0);\" data-animationOffset=\"top-into-view\"><div class=\"heading heading-with-icon icon-left\"><div class=\"icon\"><span ><i style=\"background-color:transparent;border-color:transparent;height:auto;width: 24px;line-height:normal;color:#00dd07;font-size:24px;\" aria-hidden=\"true\" class=\"fontawesome-icon fa-user fas circle-no\"><\/i><\/span><\/div><h2 class=\"content-box-heading fusion-responsive-typography-calculated\" style=\"font-size:24px;--fontSize:24;line-height:1.5;\">ABONEL\u0130K<\/h2><\/div><div class=\"fusion-clearfix\"><\/div><div class=\"content-container\" style=\"color:#000000;\">\n<p>Felsefi D\u00fc\u015f\u00fcn Dergisi\u2019ne Abone Olmak \u00c7ok Kolay<\/p>\n<p>Abonelik bedelini a\u015fa\u011f\u0131da belirtilen hesap numaras\u0131na yat\u0131r\u0131n ve derginin g\u00f6nderilmesini istedi\u011finiz isim ile adresi bize\u00a0 e-mail<\/p>\n<div class=\"fusion-separator fusion-full-width-sep\" style=\"align-self: center;margin-left: auto;margin-right: auto;width:100%;\"><div class=\"fusion-separator-border sep-single sep-solid\" style=\"border-color:var(--awb-color3);border-top-width:1px;\"><\/div><\/div>\n<p><strong>Abonelik Bedelleri (Y\u0131ll\u0131k, 1 Say\u0131)<\/strong><\/p>\n<p><strong>\u00a0 Bireyler: <\/strong>300 TL<\/p>\n<p><strong>\u00a0 Kurumlar: <\/strong>400 TL<\/p>\n<p><strong>\u00a0 Yurtd\u0131\u015f\u0131:<\/strong> 45 $<\/p>\n<p><strong>Hesap Bilgileri<\/strong><\/p>\n<p><strong>\u00a0 Banka:<\/strong> Finansbank-Davutpa\u015fa \u015eubesi<\/p>\n<p><strong>\u00a0 \u015eube Kodu:<\/strong>\u00a01055<\/p>\n<p><strong>\u00a0 Al\u0131c\u0131:<\/strong> Pinhan Yay\u0131nc\u0131l\u0131k Ltd. \u015eti.<\/p>\n<p><strong>\u00a0 IBAN:<\/strong>\u00a0TR 060 011 1000 0000 0028 6249 06<\/p>\n<\/div><\/div><\/div><style type=\"text\/css\">\n\t\t\t\t\t\t.fusion-content-boxes-1 .fusion-content-box-hover .heading-link:hover .icon i.circle-yes,\n\t\t\t\t\t\t.fusion-content-boxes-1 .fusion-content-box-hover .link-area-box:hover .heading-link .icon i.circle-yes,\n\t\t\t\t\t\t.fusion-content-boxes-1 .fusion-content-box-hover .link-area-link-icon-hover .heading .icon i.circle-yes,\n\t\t\t\t\t\t.fusion-content-boxes-1 .fusion-content-box-hover .link-area-box-hover .heading .icon i.circle-yes {\n\t\t\t\t\t\t\tbackground-color: transparent !important;\n\t\t\t\t\t\t\tborder-color: var(--awb-color4) !important;\n\t\t\t\t\t\t}<\/style><div class=\"fusion-clearfix\"><\/div><\/div><\/div><style type=\"text\/css\">.fusion-body .fusion-builder-column-0{width:60% !important;margin-top : 0px;margin-bottom : 20px;}.fusion-builder-column-0 > .fusion-column-wrapper {padding-top : 0px !important;padding-right : 0px !important;margin-right : 3.2%;padding-bottom : 0px !important;padding-left : 0px !important;margin-left : 3.2%;}@media only screen and (max-width:1024px) {.fusion-body .fusion-builder-column-0{width:60% !important;}.fusion-builder-column-0 > .fusion-column-wrapper {margin-right : 3.2%;margin-left : 3.2%;}}@media only screen and (max-width:640px) {.fusion-body .fusion-builder-column-0{width:100% !important;}.fusion-builder-column-0 > .fusion-column-wrapper {margin-right : 1.92%;margin-left : 1.92%;}}<\/style><\/div><div class=\"fusion-layout-column fusion_builder_column fusion-builder-column-1 fusion_builder_column_1_3 1_3 fusion-flex-column\"><div class=\"fusion-column-wrapper fusion-flex-justify-content-flex-start fusion-content-layout-column\" style=\"background-position:left top;background-blend-mode: overlay;background-repeat:no-repeat;-webkit-background-size:cover;-moz-background-size:cover;-o-background-size:cover;background-size:cover;padding: 0px 0px 0px 0px;\"><div class=\"fusion-text fusion-text-1\"><h2 class=\"st-heading text-center\" style=\"text-align: center;\">K\u00dcNYE<\/h2>\n<p style=\"text-align: center;\"><strong>\u0130mtiyaz Sahibi<\/strong><\/p>\n<p style=\"text-align: center;\">Mahmut SEVER<\/p>\n<p style=\"text-align: center;\"><strong>Yaz\u0131 \u0130\u015fleri M\u00fcd\u00fcr\u00fc<\/strong><\/p>\n<p style=\"text-align: center;\">\u00c7i\u011fdem DEM\u0130R<\/p>\n<p style=\"text-align: center;\"><strong>Kapak Tasar\u0131m<\/strong><\/p>\n<p style=\"text-align: center;\">\u00d6zg\u00fcr G\u00dcLB\u0130R<\/p>\n<p style=\"text-align: center;\"><strong>Grafik Tasar\u0131m<\/strong><\/p>\n<p style=\"text-align: center;\">G\u00fclizar \u00c7illiy\u00fcz \u00c7ET\u0130NKAYA<\/p>\n<\/div><style type='text\/css'>.reading-box-container-3 .element-bottomshadow:before,.reading-box-container-3 .element-bottomshadow:after{opacity:0.70;}<\/style><div class=\"fusion-reading-box-container reading-box-container-3\" style=\"margin-top:0px;margin-bottom:20px;\"><div class=\"reading-box element-bottomshadow\" style=\"background-color:var(--awb-color2);border-width:1px;border-color:#03a9f4;border-top-width:3px;border-top-color:var(--primary_color);border-style:solid;\"><h2>Felsefi D\u00fc\u015f\u00fcn Nerelerden Sat\u0131n Al\u0131nabilir ?<\/h2><div class=\"reading-box-additional fusion-reading-box-additional\">\n<p style=\"text-align: left;\"><i class=\"fb-icon-element-6 fb-icon-element fontawesome-icon fa-book fas circle-no fusion-text-flow\" style=\"font-size:32px;margin-right:16px;\"><\/i><style>i.fb-icon-element.fontawesome-icon.fb-icon-element-6{ color: #7fba00;}i.fb-icon-element.fontawesome-icon.fb-icon-element-6:hover { color: #7fba00;}<\/style>\n<p style=\"text-align: left;\"><strong>Kitap\u00e7\u0131lar:<\/strong><\/p>\n<p style=\"text-align: left;\">Pandora Kitabevi<\/p>\n<p style=\"text-align: left;\">Mefisto Kitabevi<\/p>\n<p style=\"text-align: left;\">Remzi Kitabevi<\/p>\n<p style=\"text-align: left;\">Nezih Kitabevi<\/p>\n<h6><i class=\"fb-icon-element-7 fb-icon-element fontawesome-icon fa-wifi fas circle-no fusion-text-flow\" style=\"font-size:32px;margin-right:16px;\"><\/i><style>i.fb-icon-element.fontawesome-icon.fb-icon-element-7{ color: #7fba00;}i.fb-icon-element.fontawesome-icon.fb-icon-element-7:hover { color: #7fba00;}<\/style><\/h6>\n<p><strong>\u0130nternet \u00dczerinden:<\/strong><\/p>\n<p>idefix<\/p>\n<p>D&amp;R<\/p>\n<p>Kitapyurdu<\/p>\n<p>Pandora<\/p>\n<h6>\u00a0 \u00a0 \u00a0 \u00a0 \u00a0 \u00a0 \u00a0 ve di\u011ferleri\u2026<\/h6>\n<\/div><div class=\"fusion-clearfix\"><\/div><\/div><\/div><\/div><style type=\"text\/css\">.fusion-body .fusion-builder-column-1{width:33.333333333333% !important;margin-top : 15px;margin-bottom : 20px;}.fusion-builder-column-1 > .fusion-column-wrapper {padding-top : 0px !important;padding-right : 0px !important;margin-right : 5.76%;padding-bottom : 0px !important;padding-left : 0px !important;margin-left : 5.76%;}@media only screen and (max-width:1024px) {.fusion-body .fusion-builder-column-1{width:33.333333333333% !important;}.fusion-builder-column-1 > .fusion-column-wrapper {margin-right : 5.76%;margin-left : 5.76%;}}@media only screen and (max-width:640px) {.fusion-body .fusion-builder-column-1{width:100% !important;}.fusion-builder-column-1 > .fusion-column-wrapper {margin-right : 1.92%;margin-left : 1.92%;}}<\/style><\/div><\/div><style type=\"text\/css\">.fusion-body .fusion-flex-container.fusion-builder-row-1{ padding-top : 0px;margin-top : 0px;padding-right : 0px;padding-bottom : 0px;margin-bottom : 0px;padding-left : 0px;}<\/style><\/div>\n","protected":false},"excerpt":{"rendered":"","protected":false},"author":1,"featured_media":0,"parent":0,"menu_order":0,"comment_status":"closed","ping_status":"closed","template":"","meta":[],"yoast_head":"<!-- This site is optimized with the Yoast SEO plugin v19.3 - https:\/\/yoast.com\/wordpress\/plugins\/seo\/ -->\r\n<title>ileti\u015fim\/abonelik - Felsefi D\u00fc\u015f\u00fcn - Akademik Felsefe Dergisi<\/title>\r\n<meta name=\"description\" content=\"Felsefi D\u00fc\u015f\u00fcn - Akademik Felsefe Dergisi Felsefi D\u00fc\u015f\u00fcn Akademik Felsefe Dergisi - Hakemli Felsefe Dergisi - ileti\u015fim\/abonelik Ulakbim TR Dizin ileti\u015fim\/abonelik Eylem Yolsal Murteza\" \/>\r\n<meta name=\"robots\" content=\"index, follow, max-snippet:-1, max-image-preview:large, max-video-preview:-1\" \/>\r\n<link rel=\"canonical\" href=\"https:\/\/www.felsefidusun.com\/?page_id=1965\" \/>\r\n<meta property=\"og:locale\" content=\"tr_TR\" \/>\r\n<meta property=\"og:type\" content=\"article\" \/>\r\n<meta property=\"og:title\" content=\"ileti\u015fim\/abonelik - Felsefi D\u00fc\u015f\u00fcn - Akademik Felsefe Dergisi\" \/>\r\n<meta property=\"og:description\" content=\"Felsefi D\u00fc\u015f\u00fcn - Akademik Felsefe Dergisi Felsefi D\u00fc\u015f\u00fcn Akademik Felsefe Dergisi - Hakemli Felsefe Dergisi - ileti\u015fim\/abonelik Ulakbim TR Dizin ileti\u015fim\/abonelik Eylem Yolsal Murteza\" \/>\r\n<meta property=\"og:url\" content=\"https:\/\/www.felsefidusun.com\/?page_id=1965\" \/>\r\n<meta property=\"og:site_name\" content=\"Felsefi D\u00fc\u015f\u00fcn - Akademik Felsefe Dergisi\" \/>\r\n<meta property=\"article:modified_time\" content=\"2025-04-10T12:59:31+00:00\" \/>\r\n<meta name=\"twitter:card\" content=\"summary_large_image\" \/>\r\n<meta name=\"twitter:site\" content=\"@felsefidusun\" \/>\r\n<meta name=\"twitter:label1\" content=\"Tahmini okuma s\u00fcresi\" \/>\n\t<meta name=\"twitter:data1\" content=\"3 dakika\" \/>\r\n<script type=\"application\/ld+json\" class=\"yoast-schema-graph\">{\"@context\":\"https:\/\/schema.org\",\"@graph\":[{\"@type\":[\"Person\",\"Organization\"],\"@id\":\"https:\/\/www.felsefidusun.com\/#\/schema\/person\/3c89e1be5d47746296c8a845ec97bb94\",\"name\":\"admin\",\"image\":{\"@type\":\"ImageObject\",\"inLanguage\":\"tr\",\"@id\":\"https:\/\/www.felsefidusun.com\/#\/schema\/person\/image\/\",\"url\":\"https:\/\/secure.gravatar.com\/avatar\/27e336859eaefc16d4065982ab719dca?s=96&d=mm&r=g\",\"contentUrl\":\"https:\/\/secure.gravatar.com\/avatar\/27e336859eaefc16d4065982ab719dca?s=96&d=mm&r=g\",\"caption\":\"admin\"},\"logo\":{\"@id\":\"https:\/\/www.felsefidusun.com\/#\/schema\/person\/image\/\"}},{\"@type\":\"WebSite\",\"@id\":\"https:\/\/www.felsefidusun.com\/#website\",\"url\":\"https:\/\/www.felsefidusun.com\/\",\"name\":\"Felsefi D\u00fc\u015f\u00fcn - Akademik Felsefe Dergisi\",\"description\":\"Nitelikli D\u00fc\u015f\u00fcnce\",\"publisher\":{\"@id\":\"https:\/\/www.felsefidusun.com\/#\/schema\/person\/3c89e1be5d47746296c8a845ec97bb94\"},\"potentialAction\":[{\"@type\":\"SearchAction\",\"target\":{\"@type\":\"EntryPoint\",\"urlTemplate\":\"https:\/\/www.felsefidusun.com\/?s={search_term_string}\"},\"query-input\":\"required name=search_term_string\"}],\"inLanguage\":\"tr\"},{\"@type\":\"WebPage\",\"@id\":\"https:\/\/www.felsefidusun.com\/?page_id=1965\",\"url\":\"https:\/\/www.felsefidusun.com\/?page_id=1965\",\"name\":\"ileti\u015fim\/abonelik - Felsefi D\u00fc\u015f\u00fcn - Akademik Felsefe Dergisi\",\"isPartOf\":{\"@id\":\"https:\/\/www.felsefidusun.com\/#website\"},\"datePublished\":\"2022-07-09T22:25:05+00:00\",\"dateModified\":\"2025-04-10T12:59:31+00:00\",\"description\":\"Felsefi D\u00fc\u015f\u00fcn - Akademik Felsefe Dergisi Felsefi D\u00fc\u015f\u00fcn Akademik Felsefe Dergisi - Hakemli Felsefe Dergisi - ileti\u015fim\/abonelik Ulakbim TR Dizin ileti\u015fim\/abonelik Eylem Yolsal Murteza\",\"breadcrumb\":{\"@id\":\"https:\/\/www.felsefidusun.com\/?page_id=1965#breadcrumb\"},\"inLanguage\":\"tr\",\"potentialAction\":[{\"@type\":\"ReadAction\",\"target\":[\"https:\/\/www.felsefidusun.com\/?page_id=1965\"]}]},{\"@type\":\"BreadcrumbList\",\"@id\":\"https:\/\/www.felsefidusun.com\/?page_id=1965#breadcrumb\",\"itemListElement\":[{\"@type\":\"ListItem\",\"position\":1,\"name\":\"Home\",\"item\":\"https:\/\/www.felsefidusun.com\/\"},{\"@type\":\"ListItem\",\"position\":2,\"name\":\"ileti\u015fim\/abonelik\"}]}]}<\/script>\r\n<!-- \/ Yoast SEO plugin. -->","yoast_head_json":{"title":"ileti\u015fim\/abonelik - Felsefi D\u00fc\u015f\u00fcn - Akademik Felsefe Dergisi","description":"Felsefi D\u00fc\u015f\u00fcn - Akademik Felsefe Dergisi Felsefi D\u00fc\u015f\u00fcn Akademik Felsefe Dergisi - Hakemli Felsefe Dergisi - ileti\u015fim\/abonelik Ulakbim TR Dizin ileti\u015fim\/abonelik Eylem Yolsal Murteza","robots":{"index":"index","follow":"follow","max-snippet":"max-snippet:-1","max-image-preview":"max-image-preview:large","max-video-preview":"max-video-preview:-1"},"canonical":"https:\/\/www.felsefidusun.com\/?page_id=1965","og_locale":"tr_TR","og_type":"article","og_title":"ileti\u015fim\/abonelik - Felsefi D\u00fc\u015f\u00fcn - Akademik Felsefe Dergisi","og_description":"Felsefi D\u00fc\u015f\u00fcn - Akademik Felsefe Dergisi Felsefi D\u00fc\u015f\u00fcn Akademik Felsefe Dergisi - Hakemli Felsefe Dergisi - ileti\u015fim\/abonelik Ulakbim TR Dizin ileti\u015fim\/abonelik Eylem Yolsal Murteza","og_url":"https:\/\/www.felsefidusun.com\/?page_id=1965","og_site_name":"Felsefi D\u00fc\u015f\u00fcn - Akademik Felsefe Dergisi","article_modified_time":"2025-04-10T12:59:31+00:00","twitter_card":"summary_large_image","twitter_site":"@felsefidusun","twitter_misc":{"Tahmini okuma s\u00fcresi":"3 dakika"},"schema":{"@context":"https:\/\/schema.org","@graph":[{"@type":["Person","Organization"],"@id":"https:\/\/www.felsefidusun.com\/#\/schema\/person\/3c89e1be5d47746296c8a845ec97bb94","name":"admin","image":{"@type":"ImageObject","inLanguage":"tr","@id":"https:\/\/www.felsefidusun.com\/#\/schema\/person\/image\/","url":"https:\/\/secure.gravatar.com\/avatar\/27e336859eaefc16d4065982ab719dca?s=96&d=mm&r=g","contentUrl":"https:\/\/secure.gravatar.com\/avatar\/27e336859eaefc16d4065982ab719dca?s=96&d=mm&r=g","caption":"admin"},"logo":{"@id":"https:\/\/www.felsefidusun.com\/#\/schema\/person\/image\/"}},{"@type":"WebSite","@id":"https:\/\/www.felsefidusun.com\/#website","url":"https:\/\/www.felsefidusun.com\/","name":"Felsefi D\u00fc\u015f\u00fcn - Akademik Felsefe Dergisi","description":"Nitelikli D\u00fc\u015f\u00fcnce","publisher":{"@id":"https:\/\/www.felsefidusun.com\/#\/schema\/person\/3c89e1be5d47746296c8a845ec97bb94"},"potentialAction":[{"@type":"SearchAction","target":{"@type":"EntryPoint","urlTemplate":"https:\/\/www.felsefidusun.com\/?s={search_term_string}"},"query-input":"required name=search_term_string"}],"inLanguage":"tr"},{"@type":"WebPage","@id":"https:\/\/www.felsefidusun.com\/?page_id=1965","url":"https:\/\/www.felsefidusun.com\/?page_id=1965","name":"ileti\u015fim\/abonelik - Felsefi D\u00fc\u015f\u00fcn - Akademik Felsefe Dergisi","isPartOf":{"@id":"https:\/\/www.felsefidusun.com\/#website"},"datePublished":"2022-07-09T22:25:05+00:00","dateModified":"2025-04-10T12:59:31+00:00","description":"Felsefi D\u00fc\u015f\u00fcn - Akademik Felsefe Dergisi Felsefi D\u00fc\u015f\u00fcn Akademik Felsefe Dergisi - Hakemli Felsefe Dergisi - ileti\u015fim\/abonelik Ulakbim TR Dizin ileti\u015fim\/abonelik Eylem Yolsal Murteza","breadcrumb":{"@id":"https:\/\/www.felsefidusun.com\/?page_id=1965#breadcrumb"},"inLanguage":"tr","potentialAction":[{"@type":"ReadAction","target":["https:\/\/www.felsefidusun.com\/?page_id=1965"]}]},{"@type":"BreadcrumbList","@id":"https:\/\/www.felsefidusun.com\/?page_id=1965#breadcrumb","itemListElement":[{"@type":"ListItem","position":1,"name":"Home","item":"https:\/\/www.felsefidusun.com\/"},{"@type":"ListItem","position":2,"name":"ileti\u015fim\/abonelik"}]}]}},"_links":{"self":[{"href":"https:\/\/www.felsefidusun.com\/index.php?rest_route=\/wp\/v2\/pages\/1965"}],"collection":[{"href":"https:\/\/www.felsefidusun.com\/index.php?rest_route=\/wp\/v2\/pages"}],"about":[{"href":"https:\/\/www.felsefidusun.com\/index.php?rest_route=\/wp\/v2\/types\/page"}],"author":[{"embeddable":true,"href":"https:\/\/www.felsefidusun.com\/index.php?rest_route=\/wp\/v2\/users\/1"}],"replies":[{"embeddable":true,"href":"https:\/\/www.felsefidusun.com\/index.php?rest_route=%2Fwp%2Fv2%2Fcomments&post=1965"}],"version-history":[{"count":4,"href":"https:\/\/www.felsefidusun.com\/index.php?rest_route=\/wp\/v2\/pages\/1965\/revisions"}],"predecessor-version":[{"id":2370,"href":"https:\/\/www.felsefidusun.com\/index.php?rest_route=\/wp\/v2\/pages\/1965\/revisions\/2370"}],"wp:attachment":[{"href":"https:\/\/www.felsefidusun.com\/index.php?rest_route=%2Fwp%2Fv2%2Fmedia&parent=1965"}],"curies":[{"name":"wp","href":"https:\/\/api.w.org\/{rel}","templated":true}]}}